
List the prime factors of 3624475064.
2, 7, 61, 149, 7121
What are the prime factors of 59329731?
3, 3877, 5101
What are the prime factors of 37039916?
2, 31, 298709
What are the prime factors of 135510020?
2, 5, 23, 59, 4993
What are the prime factors of 602610993?
3, 66956777
What are the prime factors of 2338322401?
28631, 81671
List the prime factors of 4306903008.
2, 3, 37, 887, 1367
What are the prime factors of 119830119?
3, 47, 907, 937
What are the prime factors of 28004084?
2, 7001021
List the prime factors of 247741366.
2, 123870683
What are the prime factors of 814887368?
2, 101860921
List the prime factors of 245668891.
13, 3221, 5867
List the prime factors of 193978593.
3, 29, 73, 10181
List the prime factors of 372373926.
2, 3, 79, 349, 2251
List the prime factors of 206339113.
89, 2318417
List the prime factors of 976168584.
2, 3, 1506433
List the prime factors of 1914908403.
3, 41, 109, 233, 613
List the prime factors of 283986792.
2, 3, 29, 43, 3163
What are the prime factors of 33495002?
2, 16747501
What are the prime factors of 3407734370?
2, 5, 331, 1029527
List the prime factors of 595519378.
2, 941, 316429
List the prime factors of 183937993.
19, 9680947
List the prime factors of 88392205.
5, 11, 1607131
What are the prime factors of 134280014?
2, 11, 6103637
What are the prime factors of 114253593?
3, 19, 41, 48889
List the prime factors of 433167619.
31, 73, 191413
List the prime factors of 65291389.
53, 739, 1667
What are the prime factors of 1663516743?
3, 7, 79215083
What are the prime factors of 2712992269?
13, 2207, 94559
List the prime factors of 416037287.
37, 461, 24391
What are the prime factors of 50017094?
2, 17, 1471091
List the prime factors of 696219626.
2, 151, 2305363
List the prime factors of 122043658.
2, 11, 23, 29, 8317
What are the prime factors of 58530998?
2, 23, 43, 127, 233
What are the prime factors of 24601059?
3, 7, 390493
What are the prime factors of 39737982?
2, 3, 6622997
What are the prime factors of 77936047?
7, 223, 49927
What are the prime factors of 4115822?
2, 1279, 1609
What are the prime factors of 4684082780?
2, 5, 13, 113, 159431
List the prime factors of 80875080.
2, 3, 5, 11, 13, 1571
What are the prime factors of 2049997974?
2, 3, 677, 504677
What are the prime factors of 507644972?
2, 173, 733591
List the prime factors of 248417730.
2, 3, 5, 11, 59, 4253
What are the prime factors of 301697580?
2, 3, 5, 19, 31, 8537
List the prime factors of 1727904669.
3, 19, 79, 383723
What are the prime factors of 1807223873?
7, 13, 23, 199, 4339
What are the prime factors of 127993335?
3, 5, 8532889
List the prime factors of 5101006.
2, 19, 241, 557
List the prime factors of 557982081.
3, 20666003
What are the prime factors of 16151692?
2, 4037923
What are the prime factors of 4398729168?
2, 3, 91640191
List the prime factors of 152577026.
2, 7, 1279, 8521
What are the prime factors of 2098185168?
2, 3, 41, 331, 3221
List the prime factors of 4473181146.
2, 3, 7, 31, 3435623
List the prime factors of 48645054.
2, 3, 19, 142237
What are the prime factors of 1087778666?
2, 13, 41837641
List the prime factors of 1869984538.
2, 934992269
List the prime factors of 1820006000.
2, 5, 910003
What are the prime factors of 108200501?
353, 306517
What are the prime factors of 201738152?
2, 7, 11, 23, 29, 491
What are the prime factors of 212119451?
212119451
List the prime factors of 245783619.
3, 1301, 6997
What are the prime factors of 4718987812?
2, 7, 11, 47, 325987
List the prime factors of 24520357.
433, 56629
What are the prime factors of 825533224?
2, 31, 3328763
What are the prime factors of 1212936144?
2, 3, 7, 47, 89, 863
What are the prime factors of 640074579?
3, 97, 383, 5743
What are the prime factors of 97093681?
17, 47, 137, 887
What are the prime factors of 47993206?
2, 41, 585283
What are the prime factors of 8826679?
911, 9689
List the prime factors of 7445265.
3, 5, 137, 3623
List the prime factors of 294733299.
3, 7, 463, 30313
What are the prime factors of 1167322902?
2, 3, 194553817
List the prime factors of 43126833.
3, 239, 60149
What are the prime factors of 33439393?
13, 2572261
List the prime factors of 4790104.
2, 11, 29, 1877
What are the prime factors of 25904274?
2, 3, 11, 392489
List the prime factors of 292823616.
2, 3, 1525123
List the prime factors of 49717462.
2, 839, 29629
What are the prime factors of 5975640912?
2, 3, 47, 751, 3527
What are the prime factors of 167080892?
2, 11, 71, 79, 677
What are the prime factors of 7858711118?
2, 3929355559
List the prime factors of 599908046.
2, 3469, 86467
List the prime factors of 630168476.
2, 7, 22506017
List the prime factors of 843264397.
53, 15910649
What are the prime factors of 1817130059?
1817130059
List the prime factors of 275135523.
3, 13, 19, 371303
What are the prime factors of 132667884?
2, 3, 3685219
List the prime factors of 62414824.
2, 23, 339211
What are the prime factors of 15453591?
3, 5151197
List the prime factors of 615012584.
2, 76876573
List the prime factors of 112034749.
5147, 21767
List the prime factors of 73620311.
233, 315967
What are the prime factors of 2117691457?
7, 827, 52259
List the prime factors of 652279414.
2, 41, 71, 199, 563
What are the prime factors of 751920417?
3, 2719, 30727
What are the prime factors of 9842736?
2, 3, 53, 73
List the prime factors of 176743235.
5, 131, 151, 1787
List the prime factors of 18938785.
5, 3787757
List the prime factors of 916345345.
5, 1291, 141959
List the prime factors of 142118277.
3, 7, 138113
What are the prime factors of 85802679?
3, 67, 47431
What are the prime factors of 50825390?
2, 5, 7, 11, 149, 443
What are the prime factors of 95896419?
3, 1063, 30071
What are the prime factors of 1017626186?
2, 647, 786419
What are the prime factors of 162031692?
2, 3, 17, 227, 3499
List the prime factors of 616304762.
2, 308152381
What are the prime factors of 293718941?
293718941
What are the prime factors of 562172?
2, 13, 19, 569
List the prime factors of 6282693876.
2, 3, 17, 41, 389, 1931
What are the prime factors of 2088956702?
2, 7, 17, 1657, 5297
List the prime factors of 169495498.
2, 337, 251477
List the prime factors of 367947609.
3, 17, 457, 15787
List the prime factors of 53726156.
2, 11, 1221049
What are the prime factors of 492847346?
2, 19, 79, 164173
What are the prime factors of 2469665558?
2, 2657, 464747
What are the prime factors of 640786544?
2, 40049159
List the prime factors of 458608463.
458608463
What are the prime factors of 865086772?
2, 11, 19661063
List the prime factors of 924258079.
924258079
What are the prime factors of 66718090?
2, 5, 6671809
List the prime factors of 323499210.
2, 3, 5, 10783307
What are the prime factors of 3176745518?
2, 41, 38740799
List the prime factors of 1166082582.
2, 3, 7, 73, 380327
What are the prime factors of 374873717?
53, 7073089
List the prime factors of 11907631.
11907631
List the prime factors of 173473909.
7, 24781987
What are the prime factors of 2074248630?
2, 3, 5, 41, 659, 853
What are the prime factors of 129884221?
3467, 37463
What are the prime factors of 348408915?
3, 5, 547, 42463
List the prime factors of 2033903344.
2, 11, 587, 19687
List the prime factors of 18577139.
7, 29, 91513
List the prime factors of 2434539125.
5, 29, 59, 11383
What are the prime factors of 425149980?
2, 3, 5, 37, 191509
List the prime factors of 965330221.
29, 33287249
What are the prime factors of 38027845?
5, 29, 262261
What are the prime factors of 124702923?
3, 41567641
List the prime factors of 5641205593.
13963, 404011
List the prime factors of 562727323.
562727323
What are the prime factors of 603848761?
181, 3336181
List the prime factors of 256133264.
2, 811, 19739
What are the prime factors of 33914234?
2, 257, 65981
List the prime factors of 302755094.
2, 11807, 12821
List the prime factors of 3211005516.
2, 3, 127, 2106959
What are the prime factors of 1479051669?
3, 379, 1300837
List the prime factors of 1384627192.
2, 13, 719, 18517
What are the prime factors of 725060990?
2, 5, 389, 186391
List the prime factors of 3329906298.
2, 3, 67, 8283349
List the prime factors of 999635754.
2, 3, 13, 12815843
What are the prime factors of 330560640?
2, 3, 5, 57389
What ar